**2 + 1. Let f(t) = p(t) - 5*y(t). Determine f(h).
-11
Let k(g) = 4*g**2 + 5*g**2 - 24*g**2 + 4*g**2 + 4 - 3*g + 10*g**2. What is k(0)?
4
Let w(n) = 2*n**3 + 2*n**2 - n. Let m be w(1). Let v(b) be the second derivative of b**3/2 - b**2/2 + 285*b. Determine v(m).
8
Let b(a) be the third derivative of -a**5/20 + 5*a**4/24 - 5*a**3/6 - 13*a**2. Let h(p) = -2*p**2 + 4*p - 4. Let z(v) = 5*b(v) - 6*h(v). Give z(1).
-3
Let v(h) = -2970 + 3*h - 4*h + 2*h + 2961. Let l(k) = -k**3 + k**2 + 2*k. Let z be l(2). Determine v(z).
-9
Let h(p) = p**3 - 3*p**2 + p + 3. Let m be 79/4 + 2 + (-2)/(-8). Suppose m*c - 27*c = -15. Calculate h(c).
6
Let r(p) = -p**2 - 7*p + 6. Suppose -28 = 7*n + 28. Let y be r(n). Let t(w) be the third derivative of -w**6/120 - w**5/60 - w**3/3 - 3*w**2. Give t(y).
2
Let y(b) = -4*b**2 - 2*b - 2. Let l(s) = -2*s + 2. Let c(t) = t**2 + 6*t - 5. Let d(z) = -3*c(z) - 8*l(z). Let x(o) = -3*d(o) + 2*y(o). Give x(1).
2
Let k = -10 - -22. Let o(m) = k + 9*m + 22 - 30 - 4*m. What is o(-4)?
-16
Let f(t) = -t + 2. Let a(g) = g + 14. Let d be a(-7). Suppose -6*c + 36 = -3*c. Suppose c = 5*h + d. Give f(h).
1
Let r = -83 + 58. Let m = r + 28. Let l(o) = -o**2 - o - 1. Determine l(m).
-13
Let q = -23 + 25. Suppose 0 = 5*c + 6*j - 2*j - 4, -q*j = -5*c + 28. Let y(h) = h**2 - 4*h - 4. Let o be y(c). Let t(a) = -4*a - 6. Determine t(o).
10
Let a(q) = -3*q**3 - 14*q**2 + 8*q. Let l(h) = -5*h**2 + 5*h. Let z(j) = -a(j) + 2*l(j). Suppose -28 = 4*w + 5*d, 0*w = 2*w - 5*d - 16. Give z(w).
-12
Let a(r) = 9*r + 134 - 28*r - 44 - 45 - 46. Calculate a(-1).
18
Let r(x) = -x**2 - 49*x + 2 + 71*x - 22*x. What is r(-4)?
-14
Suppose 4*y - 6*y = -4. Suppose 6*v = 7*v - y. Let l(g) = -g - 7 - 3*g**3 + v*g**3 + 11. What is l(0)?
4
Let i(c) = 2*c + 10. Let y(t) = -5*t - 24. Let k(a) = 7*i(a) + 3*y(a). Determine k(2).
-4
Let g(q) = q**3 - 2*q**2 - 3*q - 1. Let s be g(3). Let i = -4 - s. Let w(u) = 2*u + 2*u**2 - 39 - 34 + 71. Calculate w(i).
10
Let u(q) be the third derivative of -19*q**5/120 - 8*q**3/3 - 8*q**2. Let o(g) be the first derivative of u(g). Determine o(-1).
19
Let w be ((-91)/13 - 11) + 13. Let n(i) be the second derivative of -i**4/12 - i**3 - 2*i**2 + i. Give n(w).
1
Let g(p) = -p**2 - 8*p - 10. Suppose 22 = 13*r - 4. Let j(z) = z**2 + 8*z + 9. Let o(c) = r*g(c) + 3*j(c). Determine o(-7).
0
Let i(w) be the third derivative of -w**4/24 - 13*w**3/6 - 2*w**2 + 33. Calculate i(-8).
-5
Let f = 201 + -207. Let r(y) = -y**2 - 4*y - 4. Give r(f).
-16
Let n(q) = q**2 - 3*q + 3. Let b be n(4). Let g(t) = 0*t**2 - b*t**2 + 0*t**2 - 9*t - t**3 - 3*t**2. Give g(-9).
0
Let m be ((-180)/(-105))/6 - 48/21. Let s(g) = 3*g**3 + 2*g**2 + 4*g + 4. Let c(o) = -10*o**3 - 7*o**2 - 13*o - 13. Let f(h) = -2*c(h) - 7*s(h). Determine f(m).
10
Let d be (-15*(-24)/280)/((-1)/(-7)). Let f(w) be the third derivative of 0 - 7/6*w**3 + 0*w + 2*w**2 + 1/24*w**4. Calculate f(d).
2
Let f(h) = -h + 26. Let q(n) = -3*n + 73. Let z(l) = 17*f(l) - 6*q(l). What is z(-15)?
-11
Let w(i) = 33 - 18 + 2*i + 19 - i. What is w(0)?
34
Let t be -1 - -11 - (-4 - -8). Let p(l) = -l**3 + 7*l**2 - 6*l - 2. Let r be p(t). Let v(i) = -1 - 3*i + 3*i + i**2. What is v(r)?
3
Let g(u) = u**3 + 716 - 5*u**2 - 709 - 2*u**3 + 6*u. Calculate g(-6).
7
Suppose 0 = -3*w + 4*r + 40 - 10, 0 = 2*w + 3*r - 3. Let i(l) = 2*l + 7*l**2 - 5 - 8*l - 10*l**2 + 2*l + 4*l**2. Give i(w).
7
Let o(g) = 6*g + 6. Suppose 3*y + 6 = -3*y. Let r(m) = 1. Let a(z) = y*o(z) + 4*r(z). Calculate a(2).
-14
Let r(o) = -o + 1. Suppose 0 = -9*p + 2*p. Let f be (-9)/1*1/(-3). Let b = p - f. Calculate r(b).
4
Let t(c) = 2*c**2 + 7*c - 4. Let x = -343 + 337. Calculate t(x).
26
Let w(g) = -g**2 + 1. Let s be w(-1). Let z(b) be the first derivative of 1/2*b**2 + 0*b**3 - 1/4*b**4 - 6 - 4*b. Calculate z(s).
-4
Let q(a) = 3*a**2 + 2*a - 2. Let n be q(-4). Let z(g) = -n*g - 1 - 4 + 19*g + 24*g - g**2. What is z(5)?
-5
Let r(q) = -q**3 + 8*q**2 - 8*q + 4. Let h be -7*((5 + -1 - 5) + 0). Calculate r(h).
-3
Suppose 0 = -16*o + 9*o + 168. Let q(p) = -5*p**3 + 3*p**2 - 2*p + 3. Let k be q(2). Let u = o + k. Let j(a) = -2*a - 3. What is j(u)?
7
Let i(k) = -k**2 + 12*k + 3. Let b(w) = -w**2 - 6*w + 3. Let t be b(-3). Let z be i(t). Suppose 30 = 2*d + z*d. Let v(f) = f**2 - 5*f - 6. Give v(d).
0
Let f = 15 + -17. Let u(j) = j + 1. Let b(l) = 0 + 2 - 99*l + 101*l. Let g(m) = 4*b(m) - 9*u(m). Give g(f).
1
Let x(y) = y**2 - 19*y - 336. Let k be x(30). Let n(t) = 7*t**2 + 9*t - 13. Let i(w) = -4*w**2 - 4*w + 7. Let h(v) = 5*i(v) + 3*n(v). Give h(k).
-10
Let c(x) = 2 - 3 - 74*x**2 - 74*x**2 + 141*x**2. Determine c(-2).
-29
Let v(n) = 2*n**2 - 16*n + 1. Let r be v(11). Let k(j) = -1 - 2*j**2 - 66*j**3 - 7*j + r*j**3 - j**2. Let g(t) = t. Let l be g(5). Determine k(l).
14
Let h be 4/(-6)*63/6. Let s = 8 + h. Let q(d) = d**2 - 3*d**3 - 5*d**3 + 6*d**3. Calculate q(s).
-1
Suppose -x + 5*m - 12 + 17 = 0, -4*x - 3*m + 89 = 0. Let c(y) = 2*y**3 - 41*y**2 + 19*y + 28. What is c(x)?
8
Let x(p) = -83*p**2 - 82*p**2 + 159*p**2 - p + 1. Let i = 0 + 1. Suppose -4*c + 3 = -i. What is x(c)?
-6
Let t be ((-39)/12 - -2)*4. Suppose 0*j = -2*j + 6. Let z(u) = u - 2*u - j - u. Determine z(t).
7
Let l = 12 + -8. Let k(w) = -3*w**2 - w + 5*w**2 + l - 2*w**3 + 2*w**2 + w**3. Give k(3).
10
Let j(n) be the second derivative of 1/2*n**3 + 1/12*n**4 - 5*n - 3/2*n**2 + 0. Give j(-4).
1
Let j = 543 - 543. Let d(t) be the second derivative of 0 + j*t**2 - 1/6*t**3 + 5*t. What is d(-7)?
7
Let f(s) = -114 - 4*s**2 + s**3 + 4*s + 111 - 3*s**2 + 5*s**2. Determine f(2).
5
Let p(q) = -16*q - 61. Let v(x) = 23*x + 91. Let s(i) = -7*p(i) - 5*v(i). What is s(-8)?
-4
Let t(b) = -b**3 + 27*b**2 - 25*b - 21. Let h be t(26). Let n(u) = -u**2 - 7 - 2*u**3 + u**3 + 6*u**2 + 2*u. Calculate n(h).
3
Suppose 0*d - 16 = 4*d. Let q(g) = 1 - 2*g - g**2 - 13 + 0*g**2 + 10. What is q(d)?
-10
Let y(h) = 1 + h**3 + 9*h**2 - h - 9*h**2. Let w(f) = -2*f**3 + f**2 + 1. Let l(p) = -w(p) - y(p). Let x(v) = v**2 - 3*v + 2. Let b be x(1). What is l(b)?
-2
Suppose 4*r - 18 = -a, 6 = -16*r + 19*r. Let c(h) = h**3 - 10*h**2 + 18. Determine c(a).
18
Let w = -12 + 45. Suppose -5*c + z + 113 = 0, 2*z + w = -4*c + 115. Let i(j) = -1 + 5 + 23*j - 1 - c*j. What is i(5)?
8
Let q(w) be the third derivative of w**4/6 + w**3/3 - 82*w**2. Determine q(-1).
-2
Let z(d) = -d - 1. Let p(x) = -5*x + 1. Let v(t) = -p(t) + 3*z(t). Let c be (-3)/(-9) - (-30)/(-9). Calculate v(c).
-10
Let x(v) = -2 + 6*v + 4 + 3 + 2*v**2. Suppose -4*q + 32 = -4*h, 4 = h + h + 3*q. Give x(h).
13
Let m(s) = -s**2 + 2*s + 1. Let q = -1 + 6. Let z(j) = j**2 - j - 2. Let p(g) = q*z(g) + 6*m(g). Suppose -6*c = -4*c - 8. What is p(c)?
8
Suppose 5*f = -3*v + 2, 4*v + 3 - 19 = -4*f. Suppose -3*l - r = 12, 2*l - v = l + 4*r. Let t(n) = n**3 + 3*n**2 + 4*n + 1. What is t(l)?
-11
Let d(x) = -2*x - 6. Let k(a) = a**3 + 4*a**2 + 2*a - 6. Let f be k(-3). Let q(h) = h - 5. Let z be q(0). Let j be 50/z - -2 - f. Calculate d(j).
4
Let b be (45/6 + -6)/((-1)/(-4)). Let n = -1 + 0. Let r(p) = p**2 - 1. Let i(s) = -3*s**2 + 8*s - 1. Let l(t) = n*i(t) - 2*r(t). Calculate l(b).
-9
Let x(s) = -64*s**2 - 7*s - 13. Let k(u) = -32*u**2 - 3*u - 6. Let c(r) = -7*k(r) + 3*x(r). Let h(l) = -11*l**2 - 1. Let y(w) = 6*c(w) + 17*h(w). What is y(-1)?
6
Let m = -53 - -57. Suppose -m*v - 13 = -o, o + 1 + 1 = -v. Let y(f) = -f**3 - 2*f**2 + 5*f + 2. Give y(v).
-4
Suppose 3*r - 2*z - z = -15, -5*z - 75 = 5*r. Let p(o) = 334*o + 22 - 22 + o**2 - 324*o. Determine p(r).
0
Suppose 58 = 7*w + 16. Suppose -7*n + w*n = -4. Let z(q) = q**2 - 3*q. Give z(n).
4
Let d(c) = -16*c**2 - 9*c - 26. Let n(a) = 7*a**2 + 5*a + 13. Let i(b) = 3*d(b) + 7*n(b). Give i(-4).
-3
Let w(f) = -f**2 + 9*f - 1. Let s(v) = -v**3 - 22*v**2 - 20*v + 29. Let k be s(-21). Calculate w(k).
7
Let r(p) = -5*p**3 - 8*p**2 + 5*p - 6. Let k(i) = 2*i**3 + i**2 + i - 1. Let s(z) = 2*k(z) + r(z). Give s(-7).
-8
Let y(b) = -5. Let p(j) = -j - 24. Let z(q) = 2*p(q) - 6*y(q). Calculate z(-6).
-6
Let t(g) be the first derivative of g**4/4 + 7*g**3/3 + 3*g**2 - g + 287. Calculate t(-6).
-1
Let m(p) = -13*p**3 + p**2 - p + 1. Let k(n) = -n**2 + 2*n + 2. Let b be k(4). Let r be 4/(-6) - (-2)/b. Let v be 0*1/(-5) - r. Determine m(v).
-12
Let m(k) = k**2